90849?
1
What is the hundreds digit of 24257426?
4
What is the hundreds digit of 6703452?
4
What is the hundred millions digit of 131973949?
1
What is the ten thousands digit of 116902539?
0
What is the ten millions digit of 435069288?
3
What is the ten millions digit of 99680342?
9
What is the units digit of 4160401?
1
What is the ten thousands digit of 124048139?
4
What is the hundreds digit of 816215217?
2
What is the millions digit of 56821574?
6
What is the hundred thousands digit of 144488445?
4
What is the hundreds digit of 67810425?
4
What is the ten thousands digit of 364071516?
7
What is the millions digit of 1912294219?
2
What is the thousands digit of 2075343721?
3
What is the ten millions digit of 41885473?
4
What is the millions digit of 22807342?
2
What is the ten thousands digit of 94599952?
9
What is the ten thousands digit of 76304021?
0
What is the millions digit of 207315597?
7
What is the thousands digit of 205595274?
5
What is the ten millions digit of 20774227?
2
What is the hundreds digit of 1567637532?
5
What is the tens digit of 13991161?
6
What is the units digit of 584701588?
8
What is the ten millions digit of 85970821?
8
What is the tens digit of 471255763?
6
What is the hundred thousands digit of 74471749?
4
What is the millions digit of 51096274?
1
What is the hundred thousands digit of 370476059?
4
What is the hundreds digit of 61371922?
9
What is the units digit of 8845754?
4
What is the hundred thousands digit of 1893116500?
1
What is the tens digit of 97027496?
9
What is the hundreds digit of 1692937598?
5
What is the thousands digit of 193883707?
3
What is the tens digit of 190754423?
2
What is the millions digit of 52125087?
2
What is the hundreds digit of 54011976?
9
What is the tens digit of 72574194?
9
What is the hundred thousands digit of 39932658?
9
What is the units digit of 182191147?
7
What is the ten millions digit of 3754166859?
5
What is the millions digit of 1876039727?
6
What is the hundred thousands digit of 5581820477?
8
What is the millions digit of 2431917?
2
What is the hundred thousands digit of 112551387?
5
What is the ten millions digit of 242049232?
4
What is the ten millions digit of 100911669?
0
What is the ten millions digit of 141538935?
4
What is the thousands digit of 1063442555?
2
What is the tens digit of 8279410683?
8
What is the ten millions digit of 61282387?
6
What is the units digit of 1260503894?
4
What is the thousands digit of 23893179?
3
What is the thousands digit of 385994465?
4
What is the hundreds digit of 68260375?
3
What is the tens digit of 207708459?
5
What is the tens digit of 31053518?
1
What is the billions digit of 1538445018?
1
What is the millions digit of 6005118005?
5
What is the hundred thousands digit of 27668786?
6
What is the ten thousands digit of 8516205679?
0
What is the ten thousands digit of 7600389?
0
What is the billions digit of 1207148461?
1
What is the hundreds digit of 218127137?
1
What is the ten thousands digit of 263806531?
0
What is the hundreds digit of 74278049?
0
What is the units digit of 2976577589?
9
What is the hundreds digit of 27773283?
2
What is the hundred millions digit of 208281675?
2
What is the ten millions digit of 81940644?
8
What is the ten thousands digit of 5888854107?
5
What is the ten thousands digit of 82217885?
1
What is the millions digit of 228124440?
8
What is the ten millions digit of 6477978929?
7
What is the hundreds digit of 402338668?
6
What is the ten millions digit of 17792251?
1
What is the ten thousands digit of 2369789021?
8
What is the ten millions digit of 101355236?
0
What is the ten millions digit of 24671317?
2
What is the ten millions digit of 272467651?
7
What is the millions digit of 247609104?
7
What is the tens digit of 34833557?
5
What is the ten millions digit of 7337432437?
3
What is the millions digit of 1627943699?
7
What is the ten thousands digit of 190257464?
5
What is the millions digit of 17321701?
7
What is the ten thousands digit of 74196145?
9
What is the millions digit of 25076445?
5
What is the hundred thousands digit of 13278239?
2
What is the tens digit of 451907642?
4
What is the hundred millions digit of 118374897?
1
What is the units digit of 91320828?
8
What is the millions digit of 69922364?
9
What is the units digit of 22489055?
5
What is the units digit of 74054983?
3
What is the hundreds digit of 1627467183?
1
What is the thousands digit of 156800991?
0
What is the thousands digit of 47597323?
7
What is the hundred thousands digit of 987962799?
9
What is the ten thousands digit of 1853888789?
8
What is the hundreds digit of 385362731?
7
What is the millions digit of 212357012?
2
What is the hundreds digit of 90444955?
9
What is the hundred thousands digit of 214142986?
1
What is the hundreds digit of 72063236?
2
What is the millions digit of 5141838082?
1
What is the ten millions digit of 2883780474?
8
What is the tens digit of 22582125?
2
What is the hundreds digit of 1317036206?
2
What is the millions digit of 289357882?
9
What is the hundred thousands digit of 27673582?
6
What is the units digit of 4468728531?
1
What is the hundred millions digit of 1663692229?
6
What is the units digit of 19849694?
4
What is the hundred millions digit of 7150129360?
1
What is the ten thousands digit of 69784017?
8
What is the ten thousands digit of 146004376?
0
What is the millions digit of 3628947165?
8
What is the hundreds digit of 1040828642?
6
What is the tens digit of 44517133?
3
What is the hundred thousands digit of 21085891?
0
What is the ten millions digit of 42055918?
4
What is the ten millions digit of 21504305?
2
What is the millions digit of 99105160?
9
What is the units digit of 331883814?
4
What is the hundreds digit of 532229707?
7
What is the ten millions digit of 256876760?
5
What is the ten millions digit of 358928564?
5
What is the ten millions digit of 50717806?
5
What is the thousands digit of 76602438?
2
What is the ten millions digit of 23208021?
2
What is the millions digit of 295084312?
5
What is the hundred millions digit of 1706287652?
7
What is the tens digit of 459650157?
5
What is the tens digit of 13883872?
7
What is the ten thousands digit of 6379482243?
8
What is the units digit of 90429050?
0
What is the tens digit of 36381832?
3
What is the hundred thousands digit of 66046970?
0
What is the millions digit of 2809125237?
9
What is the ten millions digit of 212101224?
1
What is the millions digit of 1557323038?
7
What is the units digit of 61398345?
5
What is the tens digit of 251417975?
7
What is the hundreds digit of 314394780?
7
What is the millions digit of 669259999?
9
What is the hundred millions digit of 646309717?
6
What is the hundreds digit of 4018862462?
4
What is the hundreds digit of 861336911?
9
What is the thousands digit of 10142460?
2
What is the ten thousands digit of 10866704?
6
What is the millions digit of 673628762?
3
What is the millions digit of 1876219042?
6
What is the thousands digit of 75320335?
0
What is the hundreds digit of 718513032?
0
What is the hundred thousands digit of 314430146?
4
What is the tens digit of 1688589700?
0
What is the thousands digit of 122780805?
0
What is the millions digit of 39624779?
9
What is the hundred millions digit of 4305456742?
3
What is the tens digit of 27870835?
3
What is the ten thousands digit of 13619160?
1
What is the units digit of 172579688?
8
What is the ten thousands digit of 67402109?
0
What is the tens digit of 754120342?
4
What is the hundred thousands digit of 36630089?
6
What is the tens digit of 1371088109?
0
What is the hundred thousands digit of 262656496?
6
What is the ten millions digit of 147435807?
4
What is the ten thousands digit of 1731125536?
2
What is the ten thousands digit of 9651901?
5
What is the hundred millions digit of 4167779607?
1
What is the millions digit of 23234355?
3
What is the thousands digit of 205003786?
3
What is the tens digit of 89882814?
1
What is the millions digit of 30788714?
0
What is the thousands digit of 524658067?
8
What is the hundred millions digit of 106327371?
1
What is the hundreds digit of 770280659?
6
What is the hundred thousands digit of 4309342?
3
What is the tens digit of 6472720595?
9
What is the hundred 